{"id":558,"date":"2015-06-10T17:34:33","date_gmt":"2015-06-10T16:34:33","guid":{"rendered":"http:\/\/sublimatio.com\/portail\/?post_type=product&#038;p=558"},"modified":"2015-10-14T22:45:37","modified_gmt":"2015-10-14T21:45:37","slug":"livre-la-rose-et-le-vent","status":"publish","type":"product","link":"https:\/\/sublimatio.com\/portail\/produit\/livre-la-rose-et-le-vent\/","title":{"rendered":"Livre &#8220;La Rose et Le Vent&#8221;"},"content":{"rendered":"<p><a href=\"https:\/\/sublimatio.com\/portail\/wp-content\/uploads\/LivreRoseVent.jpg\" data-src=\"https:\/\/sublimatio.com\/portail\/wp-content\/uploads\/LivreRoseVent.jpg\" data-thumb=\"http:\/\/sublimatio.com\/portail\/wp-content\/uploads\/LivreRoseVent-240x300.jpg\" class=\"ml-lightbox-enabled\"><img loading=\"lazy\" decoding=\"async\" class=\"alignnone size-medium wp-image-560\" src=\"http:\/\/sublimatio.com\/portail\/wp-content\/uploads\/LivreRoseVent-240x300.jpg\" alt=\"LivreRoseVent\" width=\"240\" height=\"300\" srcset=\"https:\/\/sublimatio.com\/portail\/wp-content\/uploads\/LivreRoseVent-240x300.jpg 240w, https:\/\/sublimatio.com\/portail\/wp-content\/uploads\/LivreRoseVent-300x375.jpg 300w, https:\/\/sublimatio.com\/portail\/wp-content\/uploads\/LivreRoseVent-120x150.jpg 120w, https:\/\/sublimatio.com\/portail\/wp-content\/uploads\/LivreRoseVent.jpg 480w\" sizes=\"auto, (max-width: 240px) 100vw, 240px\" \/><\/a><\/p>\n<ul>\n<li>\u00a0Couverture rigide imprim\u00e9e.<\/li>\n<li>Format : 27,8&#215;23,8 cm<\/li>\n<li>Pagination : 102 pages<\/li>\n<li>Poids 800g<\/li>\n<li>Livraison : disponible en stock<\/li>\n<li>ISBN : 978 2 954 788 418<\/li>\n<li>\n<div>D\u00e9pot l\u00e9gal : juillet 2015<\/div>\n<\/li>\n<li>\n<div>\u00a0Editeur : <a href=\"http:\/\/sublimatio.com\/\" target=\"_blank\">sublimatio.com<\/a><\/div>\n<div><\/div>\n<\/li>\n<\/ul>\n","protected":false},"excerpt":{"rendered":"<p class=\"p1\" style=\"text-align: center;\"><strong><span class=\"s1\">L\u2019exp\u00e9rience po\u00e9tique dans l\u2019univers des roses<\/span><\/strong><\/p>\n<p class=\"p1\">En r\u00e9sidence artistique dans les roseraies du Parc de la T\u00eate d\u2019Or de Lyon,Nicolas Roux Dit Buisson associe la magie de la Rose \u00e0 la puissance du Vent,\u00a0pour nous entra\u00eener dans un voyage au-del\u00e0 du sensible.<\/p>\n<p class=\"p1\">Dans ce deuxi\u00e8me opus du <span class=\"s1\">V\u00e9g\u00e9tal Sublim\u00e9<\/span>, l\u2019artiste d\u00e9voile les myst\u00e8res de la reine des fleurs. Les \u0153uvres sont pr\u00e9sent\u00e9es selon l\u2019installation photographique r\u00e9alis\u00e9e et admir\u00e9e dans la Roseraie Internationale, par plus de 220 000 visiteurs, lors du week-end inaugural du Festival Mondial des Roses, les 30 et 31mai 2015.<\/p>\n","protected":false},"featured_media":560,"comment_status":"closed","ping_status":"closed","template":"","meta":[],"product_brand":[],"product_cat":[72],"product_tag":[55,52],"class_list":{"0":"post-558","1":"product","2":"type-product","3":"status-publish","4":"has-post-thumbnail","6":"product_cat-livres","7":"product_tag-la-rose-et-le-vent","8":"product_tag-livre-2","10":"first","11":"instock","12":"featured","13":"taxable","14":"shipping-taxable","15":"purchasable","16":"product-type-simple"},"_links":{"self":[{"href":"https:\/\/sublimatio.com\/portail\/wp-json\/wp\/v2\/product\/558","targetHints":{"allow":["GET"]}}],"collection":[{"href":"https:\/\/sublimatio.com\/portail\/wp-json\/wp\/v2\/product"}],"about":[{"href":"https:\/\/sublimatio.com\/portail\/wp-json\/wp\/v2\/types\/product"}],"replies":[{"embeddable":true,"href":"https:\/\/sublimatio.com\/portail\/wp-json\/wp\/v2\/comments?post=558"}],"wp:featuredmedia":[{"embeddable":true,"href":"https:\/\/sublimatio.com\/portail\/wp-json\/wp\/v2\/media\/560"}],"wp:attachment":[{"href":"https:\/\/sublimatio.com\/portail\/wp-json\/wp\/v2\/media?parent=558"}],"wp:term":[{"taxonomy":"product_brand","embeddable":true,"href":"https:\/\/sublimatio.com\/portail\/wp-json\/wp\/v2\/product_brand?post=558"},{"taxonomy":"product_cat","embeddable":true,"href":"https:\/\/sublimatio.com\/portail\/wp-json\/wp\/v2\/product_cat?post=558"},{"taxonomy":"product_tag","embeddable":true,"href":"https:\/\/sublimatio.com\/portail\/wp-json\/wp\/v2\/product_tag?post=558"}],"curies":[{"name":"wp","href":"https:\/\/api.w.org\/{rel}","templated":true}]}}

<p><a href="https://sublimatio.com/portail/wp-content/uploads/LivreRoseVent.jpg" data-src="https://sublimatio.com/portail/wp-content/uploads/LivreRoseVent.jpg" data-thumb="http://sublimatio.com/portail/wp-content/uploads/LivreRoseVent-240x300.jpg" class="ml-lightbox-enabled"><img loading="lazy" decoding="async" class="alignnone size-medium wp-image-560" src="http://sublimatio.com/portail/wp-content/uploads/LivreRoseVent-240x300.jpg" alt="LivreRoseVent" width="240" height="300" srcset="https://sublimatio.com/portail/wp-content/uploads/LivreRoseVent-240x300.jpg 240w, https://sublimatio.com/portail/wp-content/uploads/LivreRoseVent-300x375.jpg 300w, https://sublimatio.com/portail/wp-content/uploads/LivreRoseVent-120x150.jpg 120w, https://sublimatio.com/portail/wp-content/uploads/LivreRoseVent.jpg 480w" sizes="auto, (max-width: 240px) 100vw, 240px" /></a></p>
<ul>
<li> Couverture rigide imprimée.</li>
<li>Format : 27,8&#215;23,8 cm</li>
<li>Pagination : 102 pages</li>
<li>Poids 800g</li>
<li>Livraison : disponible en stock</li>
<li>ISBN : 978 2 954 788 418</li>
<li>
<div>Dépot légal : juillet 2015</div>
</li>
<li>
<div> Editeur : <a href="http://sublimatio.com/" target="_blank">sublimatio.com</a></div>
<div></div>
</li>
</ul>

<p class="p1" style="text-align: center;"><strong><span class="s1">L’expérience poétique dans l’univers des roses</span></strong></p>
<p class="p1">En résidence artistique dans les roseraies du Parc de la Tête d’Or de Lyon,Nicolas Roux Dit Buisson associe la magie de la Rose à la puissance du Vent, pour nous entraîner dans un voyage au-delà du sensible.</p>
<p class="p1">Dans ce deuxième opus du <span class="s1">Végétal Sublimé</span>, l’artiste dévoile les mystères de la reine des fleurs. Les œuvres sont présentées selon l’installation photographique réalisée et admirée dans la Roseraie Internationale, par plus de 220 000 visiteurs, lors du week-end inaugural du Festival Mondial des Roses, les 30 et 31mai 2015.</p>
